Suppose 1166 = y + h*y. What are the prime factors of y?
2, 53
Let r = -13394 - -26570. List the prime factors of r.
2, 3, 61
Let z be 28*5/20 - 2. Suppose -3*r - 735 = -3*l, -5*r + 143 + 1102 = z*l. What are the prime factors of l?
13, 19
Suppose -2*x - 1556 = -1638. Suppose 3*w + 3*a - 28 = w, w - a - 19 = 0. Suppose w - x = -2*b. List the prime factors of b.
2, 3
What are the prime factors of (2 - -29641) + (-21 + 11 - -3)?
2, 31, 239
Let i(a) be the first derivative of 7*a**3/3 - a**2 - 4*a + 27. Let d be i(-6). List the prime factors of (-2 + -6 + 7)*d/(-1).
2, 5, 13
Let v be ((-6)/(-21))/(7/441). Let p = 35 + 176. Suppose 5*d - 2*r = 318, -3*d - r - v = -p. List the prime factors of d.
2
Suppose 9*b - 673 = 10*b. Let d = 1396 + b. List the prime factors of d.
3, 241
Let z(j) = -7*j + 132. Let w be z(15). Suppose -s - 3*b = b - 131, -262 = -2*s - 5*b. Suppose 5*f - s = -4*l, 4 = -f - 4*l + w. List the prime factors of f.
3
Suppose 7*d - 153 = 113. Let u = 40 - d. Suppose 0 = -u*b - v + 215, -v + 2*v = 5. List the prime factors of b.
3, 5, 7
Suppose 1514 = 39*x + 6701. Let u = 339 + x. List the prime factors of u.
2, 103
Let y be (428/(-6))/(28/(-42)). Let p = 200 - y. Suppose s - p = 33. List the prime factors of s.
2, 3, 7
Suppose -35*a + 53*a + 216 = 0. List the prime factors of -71*(a - -5 - 0).
7, 71
Let r = -36740 + 76781. What are the prime factors of r?
3, 1483
Let t = -3640 + 11436. What are the prime factors of t?
2, 1949
Let l(h) = 7*h**2 + h**3 + 0 + 1 - 8*h**2 + 2 - 2*h. Let y be l(0). Suppose -y*j + 740 = 7*j. List the prime factors of j.
2, 37
Suppose -5*r = 2*t + 23, 4*r + 8 + 4 = 0. Let a(q) = -10*q**3 - q**2 + 17*q + 52. What are the prime factors of a(t)?
2, 19
Let i(y) = 5120*y**2 - 91*y - 92. What are the prime factors of i(-1)?
5119
Let i(x) = x**2 - 7*x - 22. Let h be i(10). Suppose 7*n - 11*n = -h. What are the prime factors of ((-6)/n)/(1/(-53))?
3, 53
Let z(h) = h**3 - 15*h**2 + 140*h - 137. List the prime factors of z(45).
7, 11, 79
Let p = 33654 - 10550. List the prime factors of p.
2, 19
Let h(j) = 25*j**2 - 5*j + 204. What are the prime factors of h(-22)?
2, 3, 2069
Let a(u) = 95*u**2 + 54*u - 1230. List the prime factors of a(18).
2, 3, 5087
Let q(p) = 12667*p**3 - 3*p**2 + 2*p + 1. List the prime factors of q(1).
53, 239
Suppose 2*d - a - 51 = -16, 2*d = 2*a + 38. Let t = d + -8. Suppose t*c - 114 = 646. What are the prime factors of c?
5, 19
Let k(f) = -12*f - 87. Let a be k(-5). Let j = 583 + a. List the prime factors of j.
2, 139
Suppose 11*h - 14*h + 144 = 0. Suppose -4*p = -2*y + h, y + 4*p = -0*p + 24. Let q = y - -159. What are the prime factors of q?
3, 61
Suppose -1315*r - 74816 = -1329*r. What are the prime factors of r?
2, 167
Let o = -73824 - -131810. List the prime factors of o.
2, 79, 367
Suppose 0 = -18*x + 21036 - 5196. Suppose 0 = 15*b + x - 5305. List the prime factors of b.
5, 59
Suppose 0 = m - 70 - 7. Let t = m + -77. Let v(h) = -h**2 + 3*h + 79. What are the prime factors of v(t)?
79
List the prime factors of (-13 - 474)/((-1)/11).
11, 487
Let b = 19 - 17. Suppose 3*z - 547 = b. Let h = -82 + z. List the prime factors of h.
101
Let y be ((-17)/(-102))/(1/18). What are the prime factors of (-229)/(y/(-8 - -5))?
229
Let a be (-1)/(10602/(-10599) + 1). Suppose -5*x - k + 3596 = 0, -4*x - 3*k + a = 665. List the prime factors of x.
2, 3, 5
Let p(d) = -d. Let b(n) = -2*n**2 + 18*n - 6. Let y be b(9). Let t be p(y). What are the prime factors of 623/5 + t/(-10)?
2, 31
Suppose 1435 - 17590 = -5*a. What are the prime factors of a/15 + -2 - 20/50?
3, 71
Suppose -1107 = 12*d - 4239. Let x(a) = 2*a**2 + 2*a - 1. Let r be x(2). Suppose 0 = r*v - 8*v - d. List the prime factors of v.
3, 29
Let t(d) = -d**3 + 9*d**2 - 18*d + 12. Let u be t(7). List the prime factors of (-2 - -30)*(-140)/u.
5, 7
Suppose b + 27*s = 31*s + 4742, b - 4742 = -2*s. What are the prime factors of b?
2, 2371
Let x = -9880 - -11343. What are the prime factors of x?
7, 11, 19
Let o(g) be the third derivative of g**5/60 + 5*g**4/24 + g**3 - 16*g**2. Let j be o(-6). Let n(u) = u**2 - 7*u - 1. List the prime factors of n(j).
59
Suppose -2*f + 4*g + 668 = 0, 4*f - 671 = 2*f + 3*g. Let z = f - 235. List the prime factors of z.
3, 5, 7
Suppose -107740 = 5697*w - 5707*w. List the prime factors of w.
2, 5387
Let w be (-3)/(9/1875) + (-39)/(-13). Let b = -266 - w. List the prime factors of b.
2, 89
Let v(x) = 20*x - 17. Suppose -2*i = 6, -4*p + 5*i = -p - 24. Let l be v(p). Let j = l + 11. List the prime factors of j.
2, 3
Let y(b) = -1491*b**2 + 3*b - 4. Let m(g) = -1493*g**2 + g - 5. Let q(o) = 3*m(o) - 4*y(o). What are the prime factors of q(1)?
7, 211
Let s be (-2)/6 - 52441/(-3). List the prime factors of s/100 - 8/10.
2, 3, 29
Let p = 2547 - -5098. What are the prime factors of p?
5, 11, 139
Suppose 0 = 4*f + i - 656, 5*i = 12*f - 11*f - 143. Suppose f = -2*v + 847. What are the prime factors of v?
2, 3, 19
Suppose 2*u - 22990 = 2*h + 8506, -17*u + 3*h + 267800 = 0. List the prime factors of u.
2, 7877
Suppose -416*j - 53167 - 4121 = -424*j. List the prime factors of j.
3, 7, 11, 31
Suppose -199*y + 4058246 = -918623 + 974183. What are the prime factors of y?
2, 89, 113
Suppose v - 2 = -3. Let u be 3 + 270 + (-2)/v. Suppose -5*d + u = -0*d. What are the prime factors of d?
5, 11
Let v be ((-9)/(-2) + (-20 - -18))*6. List the prime factors of v*(32/8 - 624/(-15)).
2, 3, 19
Suppose -16*s + 375 = -41*s. Let y(q) = -26*q + 5. What are the prime factors of y(s)?
5, 79
Suppose 0 = 76*c - 219 + 67. What are the prime factors of ((-2296)/(-70))/(c/75)?
2, 3, 5, 41
Let w = 70 + -50. Let k be w/12 + 21/9 + -2. Suppose 0 = 2*a + k, -3*s - 2*s + 368 = 2*a. What are the prime factors of s?
2, 37
Suppose 5*y + b = -17, -b = 4*y - 0*b + 13. List the prime factors of y/(-2) + (-2 - -141).
3, 47
Suppose 4*x + 10 - 2 = 0. Let i(h) = -8*h - 13. Let t be i(x). Suppose -t*z - 10 = -64. What are the prime factors of z?
2, 3
Suppose 2*c + 627 = 1907. List the prime factors of c.
2, 5
Let t(s) = 836*s + 1362. What are the prime factors of t(14)?
2, 47, 139
Suppose -25 = -5*s + 3*s - 3*q, -2*s - 4*q = -28. Suppose -4*m - c + 27 = 0, 4*m - 5*m + c + s = 0. Let g = 37 - m. What are the prime factors of g?
2, 3, 5
Suppose -38*u - 71*u - 5*u + 2838828 = 0. List the prime factors of u.
2, 12451
Suppose -6 + 2 = w, 0 = m + 2*w - 264. Suppose -4*t = -2*r - 1258, 4*t - 996 = 4*r + m. List the prime factors of t.
2, 3, 13
Let v(t) = -t**3 - 4*t**2 - 17*t - 13. Let l(g) = 2*g - 48. Let w = 1 - -20. Let r be l(w). What are the prime factors of v(r)?
7, 23
Suppose -16*g + 68233 + 25543 = 0. List the prime factors of g.
5861
Suppose -o + 18 - 9 = 0. Let i be 2 + o/(-3) - 2. What are the prime factors of (27 - 9/i)*3?
2, 3, 5
Suppose -2*u + 3*h = 2*h - 12, -5*u - 4*h + 56 = 0. Suppose -m - u = -5*m. Suppose -m*s + 6*s - 52 = 0. List the prime factors of s.
13
Let t(y) = 125*y + 75. Let a = 459 + -452. What are the prime factors of t(a)?
2, 5, 19
Let r(n) = -4*n**2 + 7*n - 2. Let b be r(-3). Let v = 44 + b. Let z = v + 83. What are the prime factors of z?
2, 17
Let x(u) = -32*u**2 + 11*u**2 + 8 + 28*u**2 + 18*u**2 + 16*u + u**2. List the prime factors of x(-6).
2, 53
Let d(y) = -4*y - 1. Let v(l) = -44*l - 39. Let c(t) = -3*d(t) + v(t). Suppose -4*n = 3*h - 2, 5*h + 2 = n - 33. What are the prime factors of c(h)?
2, 3, 13
Suppose -x - 80 = -82, 15741 = n + x. List the prime factors of n.
15739
Let f(i) = -11458*i - 10762. What are the prime factors of f(-6)?
2, 79, 367
Let f = -58 + -44. Let v = 105 + f. Suppose -v*i + 909 = 240. What are the prime factors of i?
223
Suppose 11*o - 20*o + 27 = 0. What are the prime factors of (o/(-12))/(12/(-10512))?
3, 73
Let d be (-1 - -1) + (-6 + -705 - 5). Let b be (d/(-8))/((-3)/(-12)). Suppose 6*l + b = 8*l. What are the prime factors of l?
179
Let m(o) = -o - 9. Let r be m(-1). Let b(l) = -21*l + 67. List the prime factors of b(r).
5, 47
Let b(p) = 2*p - 41. Let d be b(27). Suppose -5*z + d = -2*z - 2*j, -3*j - 3 = z. Suppose 0 = -r + 2*r - 4*m - 99, r - 127 = -z*m. List the prime factors of r.
5, 23
List the prime factors of (-1228192)/(-78) + (-352)/6864.
2, 7873
Let m = -1053 + 4849. What are the prime factors of m?
2, 13,